{"id":14,"date":"2021-10-07T11:32:52","date_gmt":"2021-10-07T09:32:52","guid":{"rendered":"https:\/\/archiv.summerwinds.de\/summerwinds2022\/?page_id=14"},"modified":"2024-05-08T14:55:07","modified_gmt":"2024-05-08T12:55:07","slug":"startseite","status":"publish","type":"page","link":"https:\/\/archiv.summerwinds.de\/summerwinds2022\/","title":{"rendered":"Startseite"},"content":{"rendered":"\n<div style=\"height:150px\" aria-hidden=\"true\" class=\"wp-block-spacer\"><\/div>\n\n\n\n<h2 class=\"wp-block-heading\" id=\"programm\">Das war Summerwinds M\u00fcnsterland 2022: <\/h2>\n\n\n\n<div style=\"height:40px\" aria-hidden=\"true\" id=\"entdecken\" class=\"wp-block-spacer abstandhalter_no-height-on-mobile\"><\/div>\n\n\n\n<div class=\"wp-block-columns is-layout-flex wp-container-core-columns-is-layout-9d6595d7 wp-block-columns-is-layout-flex\">\n<div class=\"wp-block-column front_programm_wrapper is-layout-flow wp-block-column-is-layout-flow\">\n<h2 class=\"wp-block-heading\" id=\"programm\"><a href=\"https:\/\/archiv.summerwinds.de\/summerwinds2022\/konzerte\/\" data-type=\"page\" data-id=\"68\">Programm<\/a><\/h2>\n\n\n<div class=\"wp-block-lazyblock-konzerte lazyblock-konzerte-1Gyvg1\">\n<div class=\"mv_elements_list mv_event_list grid_layout animate_to_grid\">\n        \r\n\r\n<div class=\"mv_single_element active  padright\" data-blockbuster=\"blockbuster\" data-kreis=\"ms\" data-date=\"20220624\" style=\"--animation-order: 1\">\r\n                <div class=\"has_corner has_blockbuster\"><span>Block<br>Buster<\/span><\/div>\r\n    \r\n        <div class=\"mv_element_image_wrapper\"><div class=\"mv_element_image_bg\" style=\"background-image:url('https:\/\/archiv.summerwinds.de\/summerwinds2022\/wp-content\/uploads\/2022\/02\/EnsembleOdyssee_web-1024x531.jpg')\"><\/div><\/div> <!-- mv_element_image_wrapper -->\r\n    <div class=\"mv_element_content_wrapper\">\r\n                <div class=\"mv_element_title_wrapper\">\r\n            <h4 class=\"element_title\"><a href=\"https:\/\/archiv.summerwinds.de\/summerwinds2022\/veranstaltung\/esemble-odyssee\/\">Ensemble Odyssee<\/a><\/h4>\r\n                            <div class=\"element_subtitle\">In aller Freundschaft<\/div>\r\n                    <\/div> <!-- mv_element_title_wrapper -->\r\n\r\n                <div class=\"mv_element_meta_wrapper\">\r\n            \r\n<div class=\"mv_date\">\r\n            <span class=\"date_day\">Fr.<\/span> \r\n        <span class=\"date_rest\">24. Juni 2022<\/span>\r\n        <span class=\"date_time\">20:00 Uhr<\/span>\r\n    <\/div>\r\n\r\n<div class=\"event_place_wrapper\">\r\n            <span class=\"event_city\">M\u00fcnster<\/span>\r\n        <span class=\"event_location\">Apostelkirche<\/span>\r\n    <\/div>        <\/div> <!-- mv_element_meta -->\r\n\r\n                <div class=\"more_button_wrapper\">\r\n                        <a href=\"https:\/\/archiv.summerwinds.de\/summerwinds2022\/veranstaltung\/esemble-odyssee\/\" class=\"element_more_link link_with_chevron\">Zum Konzert<\/a>\r\n        <\/div> <!-- more_button_wrapper -->\r\n    <\/div><!-- mv_element_content_wrapper -->\r\n<\/div> <!-- mv_single_element -->\r\n\r\n\r\n\r\n               \r\n\r\n\r\n<div class=\"mv_single_element active  padright\" data-blockbuster=\"blockbuster\" data-kreis=\"ms\" data-date=\"20220625\" style=\"--animation-order: 2\">\r\n                <div class=\"has_corner has_blockbuster\"><span>Block<br>Buster<\/span><\/div>\r\n    \r\n        <div class=\"mv_element_image_wrapper\"><div class=\"mv_element_image_bg\" style=\"background-image:url('https:\/\/archiv.summerwinds.de\/summerwinds2022\/wp-content\/uploads\/2022\/02\/peterholtslagruysdael-1024x576.jpg')\"><\/div><\/div> <!-- mv_element_image_wrapper -->\r\n    <div class=\"mv_element_content_wrapper\">\r\n                <div class=\"mv_element_title_wrapper\">\r\n            <h4 class=\"element_title\"><a href=\"https:\/\/archiv.summerwinds.de\/summerwinds2022\/veranstaltung\/peter-holtslag-ruysdael-kwartet\/\">Peter Holtslag &#038; Ruysdael Kwartet<\/a><\/h4>\r\n                            <div class=\"element_subtitle\">Songs of War and Peace\t<\/div>\r\n                    <\/div> <!-- mv_element_title_wrapper -->\r\n\r\n                <div class=\"mv_element_meta_wrapper\">\r\n            \r\n<div class=\"mv_date\">\r\n            <span class=\"date_day\">Sa.<\/span> \r\n        <span class=\"date_rest\">25. Juni 2022<\/span>\r\n        <span class=\"date_time\">19:00 Uhr<\/span>\r\n    <\/div>\r\n\r\n<div class=\"event_place_wrapper\">\r\n            <span class=\"event_city\">M\u00fcnster<\/span>\r\n        <span class=\"event_location\">Erbdrostenhof<\/span>\r\n    <\/div>        <\/div> <!-- mv_element_meta -->\r\n\r\n                <div class=\"more_button_wrapper\">\r\n                        <a href=\"https:\/\/archiv.summerwinds.de\/summerwinds2022\/veranstaltung\/peter-holtslag-ruysdael-kwartet\/\" class=\"element_more_link link_with_chevron\">Zum Konzert<\/a>\r\n        <\/div> <!-- more_button_wrapper -->\r\n    <\/div><!-- mv_element_content_wrapper -->\r\n<\/div> <!-- mv_single_element -->\r\n\r\n\r\n\r\n               \r\n\r\n\r\n<div class=\"mv_single_element active  padright\" data-blockbuster=\"blockbuster\" data-kreis=\"ms\" data-date=\"20220625\" style=\"--animation-order: 3\">\r\n                <div class=\"has_corner has_blockbuster\"><span>Block<br>Buster<\/span><\/div>\r\n    \r\n        <div class=\"mv_element_image_wrapper\"><div class=\"mv_element_image_bg\" style=\"background-image:url('https:\/\/archiv.summerwinds.de\/summerwinds2022\/wp-content\/uploads\/2022\/02\/bosgraaf_neu-1024x576.jpg')\"><\/div><\/div> <!-- mv_element_image_wrapper -->\r\n    <div class=\"mv_element_content_wrapper\">\r\n                <div class=\"mv_element_title_wrapper\">\r\n            <h4 class=\"element_title\"><a href=\"https:\/\/archiv.summerwinds.de\/summerwinds2022\/veranstaltung\/erik-bosgraaf\/\">Erik Bosgraaf<\/a><\/h4>\r\n                            <div class=\"element_subtitle\">Vivaldis Jahres-, Vivaldis Lebenszeiten <\/div>\r\n                    <\/div> <!-- mv_element_title_wrapper -->\r\n\r\n                <div class=\"mv_element_meta_wrapper\">\r\n            \r\n<div class=\"mv_date\">\r\n            <span class=\"date_day\">Sa.<\/span> \r\n        <span class=\"date_rest\">25. Juni 2022<\/span>\r\n        <span class=\"date_time\">21:00 Uhr<\/span>\r\n    <\/div>\r\n\r\n<div class=\"event_place_wrapper\">\r\n            <span class=\"event_city\">M\u00fcnster<\/span>\r\n        <span class=\"event_location\">Theater M\u00fcnster<\/span>\r\n    <\/div>        <\/div> <!-- mv_element_meta -->\r\n\r\n                <div class=\"more_button_wrapper\">\r\n                        <a href=\"https:\/\/archiv.summerwinds.de\/summerwinds2022\/veranstaltung\/erik-bosgraaf\/\" class=\"element_more_link link_with_chevron\">Zum Konzert<\/a>\r\n        <\/div> <!-- more_button_wrapper -->\r\n    <\/div><!-- mv_element_content_wrapper -->\r\n<\/div> <!-- mv_single_element -->\r\n\r\n\r\n\r\n               \r\n<\/div> <!-- mv_elements_list -->\n\n\n\n\n\n\n\n\n\n\n\n\n\n\n\n<\/div>\n\n\n<div style=\"height:50px\" aria-hidden=\"true\" class=\"wp-block-spacer\"><\/div>\n\n\n\n<div class=\"wp-block-buttons is-content-justification-center is-layout-flex wp-container-core-buttons-is-layout-16018d1d wp-block-buttons-is-layout-flex\">\n<div class=\"wp-block-button is-style-primary\"><a class=\"wp-block-button__link has-neve-text-color-color has-text-color wp-element-button\" href=\"https:\/\/archiv.summerwinds.de\/summerwinds2022\/konzerte\/\">Alle Konzerte<\/a><\/div>\n<\/div>\n<\/div>\n<\/div>\n\n\n\n<div style=\"height:50px\" aria-hidden=\"true\" class=\"wp-block-spacer\"><\/div>\n\n\n\n<div class=\"wp-block-cover alignfull\"><span aria-hidden=\"true\" class=\"wp-block-cover__background has-nv-light-bg-background-color has-background-dim-100 has-background-dim\"><\/span><div class=\"wp-block-cover__inner-container is-layout-flow wp-block-cover-is-layout-flow\">\n<div class=\"wp-block-columns is-layout-flex wp-container-core-columns-is-layout-9d6595d7 wp-block-columns-is-layout-flex\">\n<div class=\"wp-block-column front_programm_wrapper container is-layout-flow wp-block-column-is-layout-flow\">\n<div style=\"height:50px\" aria-hidden=\"true\" class=\"wp-block-spacer\"><\/div>\n\n\n\n<h2 class=\"wp-block-heading\" id=\"spielorte-1\"><a href=\"https:\/\/archiv.summerwinds.de\/summerwinds2022\/spielorte\/\" data-type=\"page\" data-id=\"480\">Spielorte<\/a><\/h2>\n\n\n<div class=\"wp-block-lazyblock-veranstaltungsorte lazyblock-veranstaltungsorte-Z1fiGFT\">\n<div class=\"mv_elements_list mv_event_list grid_layout animate_to_grid\">\n        \r\n\r\n<div class=\"mv_single_element active \"  data-kreis=\"waf\" data-date=\"\" style=\"--animation-order: 1\">\r\n        \r\n        <div class=\"mv_element_image_wrapper\"><div class=\"mv_element_image_bg\" style=\"background-image:url('https:\/\/archiv.summerwinds.de\/summerwinds2022\/wp-content\/uploads\/2022\/02\/kulturscheune_walstedde-1024x576.jpg')\"><\/div><\/div> <!-- mv_element_image_wrapper -->\r\n    <div class=\"mv_element_content_wrapper\">\r\n                <div class=\"mv_element_title_wrapper\">\r\n            <h4 class=\"element_title\"><a href=\"https:\/\/archiv.summerwinds.de\/summerwinds2022\/veranstaltungsorte\/kulturscheune-walstedde\/\">Kulturscheune Walstedde<\/a><\/h4>\r\n                            <div class=\"element_subtitle\">Drensteinfurt<\/div>\r\n                    <\/div> <!-- mv_element_title_wrapper -->\r\n\r\n                <div class=\"mv_element_meta_wrapper\">\r\n                    <\/div> <!-- mv_element_meta -->\r\n\r\n                <div class=\"more_button_wrapper\">\r\n                        <a href=\"https:\/\/archiv.summerwinds.de\/summerwinds2022\/veranstaltungsorte\/kulturscheune-walstedde\/\" class=\"element_more_link link_with_chevron\">Mehr Informationen<\/a>\r\n        <\/div> <!-- more_button_wrapper -->\r\n    <\/div><!-- mv_element_content_wrapper -->\r\n<\/div> <!-- mv_single_element -->\r\n\r\n\r\n\r\n               \r\n\r\n\r\n<div class=\"mv_single_element active \"  data-kreis=\"waf\" data-date=\"\" style=\"--animation-order: 2\">\r\n        \r\n        <div class=\"mv_element_image_wrapper\"><div class=\"mv_element_image_bg\" style=\"background-image:url('https:\/\/archiv.summerwinds.de\/summerwinds2022\/wp-content\/uploads\/2022\/02\/klostervinnenberg-1024x576.jpg')\"><\/div><\/div> <!-- mv_element_image_wrapper -->\r\n    <div class=\"mv_element_content_wrapper\">\r\n                <div class=\"mv_element_title_wrapper\">\r\n            <h4 class=\"element_title\"><a href=\"https:\/\/archiv.summerwinds.de\/summerwinds2022\/veranstaltungsorte\/kloster-vinnenberg\/\">Kloster Vinnenberg<\/a><\/h4>\r\n                            <div class=\"element_subtitle\">Warendorf<\/div>\r\n                    <\/div> <!-- mv_element_title_wrapper -->\r\n\r\n                <div class=\"mv_element_meta_wrapper\">\r\n                    <\/div> <!-- mv_element_meta -->\r\n\r\n                <div class=\"more_button_wrapper\">\r\n                        <a href=\"https:\/\/archiv.summerwinds.de\/summerwinds2022\/veranstaltungsorte\/kloster-vinnenberg\/\" class=\"element_more_link link_with_chevron\">Mehr Informationen<\/a>\r\n        <\/div> <!-- more_button_wrapper -->\r\n    <\/div><!-- mv_element_content_wrapper -->\r\n<\/div> <!-- mv_single_element -->\r\n\r\n\r\n\r\n               \r\n\r\n\r\n<div class=\"mv_single_element active \"  data-kreis=\"waf\" data-date=\"\" style=\"--animation-order: 3\">\r\n        \r\n        <div class=\"mv_element_image_wrapper\"><div class=\"mv_element_image_bg\" style=\"background-image:url('https:\/\/archiv.summerwinds.de\/summerwinds2022\/wp-content\/uploads\/2022\/02\/harkotten-1024x576.jpg')\"><\/div><\/div> <!-- mv_element_image_wrapper -->\r\n    <div class=\"mv_element_content_wrapper\">\r\n                <div class=\"mv_element_title_wrapper\">\r\n            <h4 class=\"element_title\"><a href=\"https:\/\/archiv.summerwinds.de\/summerwinds2022\/veranstaltungsorte\/herrenhaus-harkotten\/\">Herrenhaus Harkotten-von Korff<\/a><\/h4>\r\n                            <div class=\"element_subtitle\">Sassenberg-F\u00fcchtorf<\/div>\r\n                    <\/div> <!-- mv_element_title_wrapper -->\r\n\r\n                <div class=\"mv_element_meta_wrapper\">\r\n                    <\/div> <!-- mv_element_meta -->\r\n\r\n                <div class=\"more_button_wrapper\">\r\n                        <a href=\"https:\/\/archiv.summerwinds.de\/summerwinds2022\/veranstaltungsorte\/herrenhaus-harkotten\/\" class=\"element_more_link link_with_chevron\">Mehr Informationen<\/a>\r\n        <\/div> <!-- more_button_wrapper -->\r\n    <\/div><!-- mv_element_content_wrapper -->\r\n<\/div> <!-- mv_single_element -->\r\n\r\n\r\n\r\n               \r\n<\/div> <!-- mv_elements_list -->\r\n\r\n\r\n\r\n\r\n\r\n<\/div>\n\n\n<div style=\"height:50px\" aria-hidden=\"true\" class=\"wp-block-spacer\"><\/div>\n\n\n\n<div class=\"wp-block-buttons is-content-justification-center is-layout-flex wp-container-core-buttons-is-layout-16018d1d wp-block-buttons-is-layout-flex\">\n<div class=\"wp-block-button is-style-primary\"><a class=\"wp-block-button__link has-neve-text-color-color has-text-color wp-element-button\" href=\"https:\/\/archiv.summerwinds.de\/summerwinds2022\/spielorte\/\">Alle Spielorte<\/a><\/div>\n<\/div>\n<\/div>\n<\/div>\n\n\n\n<div style=\"height:50px\" aria-hidden=\"true\" class=\"wp-block-spacer\"><\/div>\n<\/div><\/div>\n\n\n\n<div class=\"wp-block-cover alignfull homenews\" id=\"neuigkeiten\"><span aria-hidden=\"true\" class=\"wp-block-cover__background has-nv-site-bg-background-color has-background-dim-100 has-background-dim\"><\/span><div class=\"wp-block-cover__inner-container is-layout-flow wp-block-cover-is-layout-flow\">\n<div class=\"wp-block-columns is-layout-flex wp-container-core-columns-is-layout-9d6595d7 wp-block-columns-is-layout-flex\">\n<div class=\"wp-block-column container is-layout-flow wp-block-column-is-layout-flow\">\n<div style=\"height:50px\" aria-hidden=\"true\" class=\"wp-block-spacer\"><\/div>\n\n\n\n<h2 class=\"wp-block-heading\" id=\"spielorte\"><a href=\"https:\/\/archiv.summerwinds.de\/summerwinds2022\/neuigkeiten\/\" data-type=\"page\" data-id=\"416\">Neuigkeiten<\/a><\/h2>\n\n\n<ul class=\"wp-block-latest-posts__list wp-block-latest-posts\"><li><a class=\"wp-block-latest-posts__post-title\" href=\"https:\/\/archiv.summerwinds.de\/summerwinds2022\/der-vorverkauf-fuer-summerwinds-2022-hat-begonnen\/\">Vorverkaufsstart Donnerstag, 21. April<\/a><div class=\"wp-block-latest-posts__post-excerpt\">Der Vorverkauf f\u00fcr Summerwinds 2022 beginnt am Donnerstag, 21. April 2022. Selbstverst\u00e4ndlich halten wir bei unseren Veranstaltungen die jeweils g\u00fcltige Corona-Schutzverordnung ein und vertrauen zudem darauf, dass Sie Ihre Maske gegebenenfalls tragen. Bitte schauen Sie jedoch in jedem Fall vor Ihrem Konzertbesuch hier noch einmal nach, ob es spezielle Auflagen f\u00fcr den Konzertort gibt, zu&#8230;<a class=\"readmorelink link_with_chevron\" href=\"https:\/\/archiv.summerwinds.de\/summerwinds2022\/der-vorverkauf-fuer-summerwinds-2022-hat-begonnen\/\">mehr<\/a><\/div><\/li>\n<li><a class=\"wp-block-latest-posts__post-title\" href=\"https:\/\/archiv.summerwinds.de\/summerwinds2022\/allen-blockfloetenfans-ein-herzliches-willkommen-zum-blockbuster-in-muenster\/\">Allen Blockfl\u00f6tenfans ein herzliches Willkommen zum BlockBuster in M\u00fcnster<\/a><div class=\"wp-block-latest-posts__post-excerpt\">Melden Sie sich zu Workshops f\u00fcr Ensemblespiel an, besuchen Sie Konzerte mit Laienensembles und Stars und die Blockfl\u00f6tenschau mit Garten-Flair in der B\u00fcrgerhalle der Bezirksregierung am Domplatz.\u00a0\u00a0&#8230;<a class=\"readmorelink link_with_chevron\" href=\"https:\/\/archiv.summerwinds.de\/summerwinds2022\/allen-blockfloetenfans-ein-herzliches-willkommen-zum-blockbuster-in-muenster\/\">mehr<\/a><\/div><\/li>\n<\/ul>\n\n\n<div style=\"height:50px\" aria-hidden=\"true\" class=\"wp-block-spacer\"><\/div>\n\n\n\n<div class=\"wp-block-buttons is-content-justification-center is-layout-flex wp-container-core-buttons-is-layout-16018d1d wp-block-buttons-is-layout-flex\">\n<div class=\"wp-block-button is-style-primary\"><a class=\"wp-block-button__link has-neve-text-color-color has-text-color wp-element-button\" href=\"https:\/\/archiv.summerwinds.de\/summerwinds2022\/neuigkeiten\/\">Alle Neuigkeiten<\/a><\/div>\n<\/div>\n<\/div>\n<\/div>\n\n\n\n<div style=\"height:50px\" aria-hidden=\"true\" class=\"wp-block-spacer\"><\/div>\n<\/div><\/div>\n\n\n\n<div class=\"wp-block-cover alignfull noch-ergaenzen\"><span aria-hidden=\"true\" class=\"wp-block-cover__background has-nv-light-bg-background-color has-background-dim-100 has-background-dim\"><\/span><div class=\"wp-block-cover__inner-container is-layout-flow wp-block-cover-is-layout-flow\">\n<div class=\"wp-block-columns is-layout-flex wp-container-core-columns-is-layout-9d6595d7 wp-block-columns-is-layout-flex\">\n<div class=\"wp-block-column front_programm_wrapper container is-layout-flow wp-block-column-is-layout-flow\">\n<div style=\"height:50px\" aria-hidden=\"true\" class=\"wp-block-spacer\"><\/div>\n\n\n\n<h2 class=\"wp-block-heading has-neve-text-color-color has-text-color\" id=\"spielorte\">Impressionen<\/h2>\n\n\n\n<p class=\"has-neve-text-color-color has-text-color\">Hier werden Impressionen erg\u00e4nzt<\/p>\n\n\n\n<div style=\"height:50px\" aria-hidden=\"true\" class=\"wp-block-spacer\"><\/div>\n\n\n\n<div class=\"wp-block-buttons is-content-justification-center is-layout-flex wp-container-core-buttons-is-layout-16018d1d wp-block-buttons-is-layout-flex\">\n<div class=\"wp-block-button is-style-primary\"><a class=\"wp-block-button__link has-neve-text-color-color has-text-color wp-element-button\" href=\"https:\/\/archiv.summerwinds.de\/summerwinds2022\/festival\/#impressionen\">Alle Impressionen<\/a><\/div>\n<\/div>\n<\/div>\n<\/div>\n\n\n\n<div style=\"height:50px\" aria-hidden=\"true\" class=\"wp-block-spacer\"><\/div>\n<\/div><\/div>\n","protected":false},"excerpt":{"rendered":"<p>Das war Summerwinds M\u00fcnsterland 2022: Programm&#8230;<a class=\"readmorelink link_with_chevron\" href=\"https:\/\/archiv.summerwinds.de\/summerwinds2022\/\">mehr<\/a><\/p>\n","protected":false},"author":1,"featured_media":0,"parent":0,"menu_order":0,"comment_status":"closed","ping_status":"closed","template":"","meta":{"neve_meta_sidebar":"","neve_meta_container":"","neve_meta_enable_content_width":"","neve_meta_content_width":0,"neve_meta_title_alignment":"","neve_meta_author_avatar":"","neve_post_elements_order":"","neve_meta_disable_header":"","neve_meta_disable_footer":"","neve_meta_disable_title":"on","ngg_post_thumbnail":0,"footnotes":""},"class_list":["post-14","page","type-page","status-publish","hentry"],"acf":[],"yoast_head":"<!-- This site is optimized with the Yoast SEO plugin v19.1 - https:\/\/yoast.com\/wordpress\/plugins\/seo\/ -->\n<title>Startseite - summerwinds m\u00fcnsterland<\/title>\n<meta name=\"robots\" content=\"index, follow, max-snippet:-1, max-image-preview:large, max-video-preview:-1\" \/>\n<link rel=\"canonical\" href=\"https:\/\/archiv.summerwinds.de\/summerwinds2022\/\" \/>\n<meta property=\"og:locale\" content=\"de_DE\" \/>\n<meta property=\"og:type\" content=\"article\" \/>\n<meta property=\"og:title\" content=\"Startseite - summerwinds m\u00fcnsterland\" \/>\n<meta property=\"og:description\" content=\"Das war Summerwinds M\u00fcnsterland 2022: Programm...mehr\" \/>\n<meta property=\"og:url\" content=\"https:\/\/archiv.summerwinds.de\/summerwinds2022\/\" \/>\n<meta property=\"og:site_name\" content=\"summerwinds m\u00fcnsterland\" \/>\n<meta property=\"article:publisher\" content=\"https:\/\/www.facebook.com\/summerwinds.de\/\" \/>\n<meta property=\"article:modified_time\" content=\"2024-05-08T12:55:07+00:00\" \/>\n<meta name=\"twitter:card\" content=\"summary_large_image\" \/>\n<meta name=\"twitter:label1\" content=\"Gesch\u00e4tzte Lesezeit\" \/>\n\t<meta name=\"twitter:data1\" content=\"1\u00a0Minute\" \/>\n<script type=\"application\/ld+json\" class=\"yoast-schema-graph\">{\"@context\":\"https:\/\/schema.org\",\"@graph\":[{\"@type\":\"Organization\",\"@id\":\"https:\/\/archiv.summerwinds.de\/summerwinds2022\/#organization\",\"name\":\"summerwinds m\u00fcnsterland\",\"url\":\"https:\/\/archiv.summerwinds.de\/summerwinds2022\/\",\"sameAs\":[\"https:\/\/www.facebook.com\/summerwinds.de\/\"],\"logo\":{\"@type\":\"ImageObject\",\"inLanguage\":\"de\",\"@id\":\"https:\/\/archiv.summerwinds.de\/summerwinds2022\/#\/schema\/logo\/image\/\",\"url\":\"https:\/\/www.summerwinds.de\/wp-content\/uploads\/2022\/02\/logo_sw_mobil.png\",\"contentUrl\":\"https:\/\/www.summerwinds.de\/wp-content\/uploads\/2022\/02\/logo_sw_mobil.png\",\"width\":321,\"height\":120,\"caption\":\"summerwinds m\u00fcnsterland\"},\"image\":{\"@id\":\"https:\/\/archiv.summerwinds.de\/summerwinds2022\/#\/schema\/logo\/image\/\"}},{\"@type\":\"WebSite\",\"@id\":\"https:\/\/archiv.summerwinds.de\/summerwinds2022\/#website\",\"url\":\"https:\/\/archiv.summerwinds.de\/summerwinds2022\/\",\"name\":\"summerwinds m\u00fcnsterland\",\"description\":\"Europas Holzbl\u00e4serfestival\",\"publisher\":{\"@id\":\"https:\/\/archiv.summerwinds.de\/summerwinds2022\/#organization\"},\"potentialAction\":[{\"@type\":\"SearchAction\",\"target\":{\"@type\":\"EntryPoint\",\"urlTemplate\":\"https:\/\/archiv.summerwinds.de\/summerwinds2022\/?s={search_term_string}\"},\"query-input\":\"required name=search_term_string\"}],\"inLanguage\":\"de\"},{\"@type\":\"WebPage\",\"@id\":\"https:\/\/archiv.summerwinds.de\/summerwinds2022\/#webpage\",\"url\":\"https:\/\/archiv.summerwinds.de\/summerwinds2022\/\",\"name\":\"Startseite - summerwinds m\u00fcnsterland\",\"isPartOf\":{\"@id\":\"https:\/\/archiv.summerwinds.de\/summerwinds2022\/#website\"},\"datePublished\":\"2021-10-07T09:32:52+00:00\",\"dateModified\":\"2024-05-08T12:55:07+00:00\",\"breadcrumb\":{\"@id\":\"https:\/\/archiv.summerwinds.de\/summerwinds2022\/#breadcrumb\"},\"inLanguage\":\"de\",\"potentialAction\":[{\"@type\":\"ReadAction\",\"target\":[\"https:\/\/archiv.summerwinds.de\/summerwinds2022\/\"]}]},{\"@type\":\"BreadcrumbList\",\"@id\":\"https:\/\/archiv.summerwinds.de\/summerwinds2022\/#breadcrumb\",\"itemListElement\":[{\"@type\":\"ListItem\",\"position\":1,\"name\":\"Startseite\",\"item\":\"https:\/\/archiv.summerwinds.de\/summerwinds2022\/\"},{\"@type\":\"ListItem\",\"position\":2,\"name\":\"Startseite\"}]}]}<\/script>\n<!-- \/ Yoast SEO plugin. -->","yoast_head_json":{"title":"Startseite - summerwinds m\u00fcnsterland","robots":{"index":"index","follow":"follow","max-snippet":"max-snippet:-1","max-image-preview":"max-image-preview:large","max-video-preview":"max-video-preview:-1"},"canonical":"https:\/\/archiv.summerwinds.de\/summerwinds2022\/","og_locale":"de_DE","og_type":"article","og_title":"Startseite - summerwinds m\u00fcnsterland","og_description":"Das war Summerwinds M\u00fcnsterland 2022: Programm...mehr","og_url":"https:\/\/archiv.summerwinds.de\/summerwinds2022\/","og_site_name":"summerwinds m\u00fcnsterland","article_publisher":"https:\/\/www.facebook.com\/summerwinds.de\/","article_modified_time":"2024-05-08T12:55:07+00:00","twitter_card":"summary_large_image","twitter_misc":{"Gesch\u00e4tzte Lesezeit":"1\u00a0Minute"},"schema":{"@context":"https:\/\/schema.org","@graph":[{"@type":"Organization","@id":"https:\/\/archiv.summerwinds.de\/summerwinds2022\/#organization","name":"summerwinds m\u00fcnsterland","url":"https:\/\/archiv.summerwinds.de\/summerwinds2022\/","sameAs":["https:\/\/www.facebook.com\/summerwinds.de\/"],"logo":{"@type":"ImageObject","inLanguage":"de","@id":"https:\/\/archiv.summerwinds.de\/summerwinds2022\/#\/schema\/logo\/image\/","url":"https:\/\/www.summerwinds.de\/wp-content\/uploads\/2022\/02\/logo_sw_mobil.png","contentUrl":"https:\/\/www.summerwinds.de\/wp-content\/uploads\/2022\/02\/logo_sw_mobil.png","width":321,"height":120,"caption":"summerwinds m\u00fcnsterland"},"image":{"@id":"https:\/\/archiv.summerwinds.de\/summerwinds2022\/#\/schema\/logo\/image\/"}},{"@type":"WebSite","@id":"https:\/\/archiv.summerwinds.de\/summerwinds2022\/#website","url":"https:\/\/archiv.summerwinds.de\/summerwinds2022\/","name":"summerwinds m\u00fcnsterland","description":"Europas Holzbl\u00e4serfestival","publisher":{"@id":"https:\/\/archiv.summerwinds.de\/summerwinds2022\/#organization"},"potentialAction":[{"@type":"SearchAction","target":{"@type":"EntryPoint","urlTemplate":"https:\/\/archiv.summerwinds.de\/summerwinds2022\/?s={search_term_string}"},"query-input":"required name=search_term_string"}],"inLanguage":"de"},{"@type":"WebPage","@id":"https:\/\/archiv.summerwinds.de\/summerwinds2022\/#webpage","url":"https:\/\/archiv.summerwinds.de\/summerwinds2022\/","name":"Startseite - summerwinds m\u00fcnsterland","isPartOf":{"@id":"https:\/\/archiv.summerwinds.de\/summerwinds2022\/#website"},"datePublished":"2021-10-07T09:32:52+00:00","dateModified":"2024-05-08T12:55:07+00:00","breadcrumb":{"@id":"https:\/\/archiv.summerwinds.de\/summerwinds2022\/#breadcrumb"},"inLanguage":"de","potentialAction":[{"@type":"ReadAction","target":["https:\/\/archiv.summerwinds.de\/summerwinds2022\/"]}]},{"@type":"BreadcrumbList","@id":"https:\/\/archiv.summerwinds.de\/summerwinds2022\/#breadcrumb","itemListElement":[{"@type":"ListItem","position":1,"name":"Startseite","item":"https:\/\/archiv.summerwinds.de\/summerwinds2022\/"},{"@type":"ListItem","position":2,"name":"Startseite"}]}]}},"_links":{"self":[{"href":"https:\/\/archiv.summerwinds.de\/summerwinds2022\/wp-json\/wp\/v2\/pages\/14","targetHints":{"allow":["GET"]}}],"collection":[{"href":"https:\/\/archiv.summerwinds.de\/summerwinds2022\/wp-json\/wp\/v2\/pages"}],"about":[{"href":"https:\/\/archiv.summerwinds.de\/summerwinds2022\/wp-json\/wp\/v2\/types\/page"}],"author":[{"embeddable":true,"href":"https:\/\/archiv.summerwinds.de\/summerwinds2022\/wp-json\/wp\/v2\/users\/1"}],"replies":[{"embeddable":true,"href":"https:\/\/archiv.summerwinds.de\/summerwinds2022\/wp-json\/wp\/v2\/comments?post=14"}],"version-history":[{"count":201,"href":"https:\/\/archiv.summerwinds.de\/summerwinds2022\/wp-json\/wp\/v2\/pages\/14\/revisions"}],"predecessor-version":[{"id":1694,"href":"https:\/\/archiv.summerwinds.de\/summerwinds2022\/wp-json\/wp\/v2\/pages\/14\/revisions\/1694"}],"wp:attachment":[{"href":"https:\/\/archiv.summerwinds.de\/summerwinds2022\/wp-json\/wp\/v2\/media?parent=14"}],"curies":[{"name":"wp","href":"https:\/\/api.w.org\/{rel}","templated":true}]}}